09829
List the prime factors of 37029421.
11, 13, 19919
What are the prime factors of 59525055?
3, 5, 257, 5147
List the prime factors of 903699868.
2, 43, 5254069
What are the prime factors of 479474313?
3, 29, 953, 5783
List the prime factors of 1602438983.
571, 2806373
List the prime factors of 123741364.
2, 173, 178817
What are the prime factors of 4492868381?
4492868381
List the prime factors of 67352585.
5, 283, 47599
What are the prime factors of 6174610?
2, 5, 13, 47497
List the prime factors of 184666022.
2, 103, 541, 1657
What are the prime factors of 5828203265?
5, 277, 787, 5347
List the prime factors of 61297659.
3, 499, 13649
List the prime factors of 12650477.
7, 258173
What are the prime factors of 110029288?
2, 13753661
What are the prime factors of 3476938?
2, 283, 6143
List the prime factors of 744679792.
2, 46542487
What are the prime factors of 3594679898?
2, 8011, 224359
List the prime factors of 132203084.
2, 13, 17, 149551
What are the prime factors of 611068273?
241, 2535553
What are the prime factors of 1227364441?
1227364441
List the prime factors of 28148841.
3, 7, 59, 7573
List the prime factors of 768002983.
11, 47, 89, 16691
List the prime factors of 2861099362.
2, 11, 109, 1193119
List the prime factors of 2650721216.
2, 11, 13, 31, 9343
List the prime factors of 159346388.
2, 19, 83, 25261
List the prime factors of 1132937333.
11, 709, 145267
List the prime factors of 74230847.
137, 541831
List the prime factors of 4260609918.
2, 3, 236700551
What are the prime factors of 91020762?
2, 3, 7, 461, 1567
What are the prime factors of 501002010?
2, 3, 5, 618521
List the prime factors of 86539131.
3, 7, 71, 6449
What are the prime factors of 190470914?
2, 61, 107, 14591
What are the prime factors of 242629426?
2, 13, 719, 12979
What are the prime factors of 7470270228?
2, 3, 622522519
List the prime factors of 76278680.
2, 5, 131, 14557
What are the prime factors of 899167563?
3, 7, 14272501
What are the prime factors of 1175154127?
7, 97, 1730713
List the prime factors of 87657429.
3, 31, 103, 9151
What are the prime factors of 314537346?
2, 3, 31, 43, 13109
What are the prime factors of 1267755?
3, 5, 223, 379
What are the prime factors of 170320433?
17, 47, 59, 3613
List the prime factors of 3532188758.
2, 7, 252299197
What are the prime factors of 335874726?
2, 3, 11, 971, 1747
List the prime factors of 1072428900.
2, 3, 5, 107, 33409
List the prime factors of 124215136.
2, 3881723
List the prime factors of 411468782.
2, 17, 12102023
List the prime factors of 129861158.
2, 7, 9275797
List the prime factors of 329070175.
5, 7, 1880401
What are the prime factors of 12383456?
2, 37, 10459
List the prime factors of 146477574.
2, 3, 19, 428297
List the prime factors of 10837668.
2, 3, 593, 1523
What are the prime factors of 43461402?
2, 3, 61, 118747
What are the prime factors of 35296779?
3, 7, 37, 45427
List the prime factors of 105709656.
2, 3, 13, 23, 14731
What are the prime factors of 50533391?
50533391
What are the prime factors of 5145465?
3, 5, 13, 26387
What are the prime factors of 186172648?
2, 1489, 15629
What are the prime factors of 139501430?
2, 5, 911, 15313
What are the prime factors of 58706314?
2, 19, 1544903
What are the prime factors of 38511290?
2, 5, 17, 19, 11923
List the prime factors of 1680967606.
2, 61, 13778423
What are the prime factors of 4272486181?
4272486181
What are the prime factors of 432258599?
5573, 77563
What are the prime factors of 2599212168?
2, 3, 7, 263, 19609
What are the prime factors of 321273863?
31, 53, 195541
List the prime factors of 1934659810.
2, 5, 1787, 108263
List the prime factors of 6194901783.
3, 7, 607, 69427
List the prime factors of 31161684.
2, 3, 181, 14347
List the prime factors of 39160799.
53, 173, 4271
List the prime factors of 8340002020.
2, 5, 7, 37, 109, 14771
What are the prime factors of 296696430?
2, 3, 5, 47, 70141
List the prime factors of 312263823.
3, 104087941
List the prime factors of 93661360.
2, 5, 13, 90059
List the prime factors of 83998789.
7, 1714261
What are the prime factors of 3765308332?
2, 941327083
List the prime factors of 1128243428.
2, 13, 197, 241, 457
List the prime factors of 804332968.
2, 17, 479, 12347
What are the prime factors of 112394374?
2, 5233, 10739
What are the prime factors of 164154642?
2, 3, 19, 75787
List the prime factors of 69974480.
2, 5, 874681
List the prime factors of 679386664.
2, 11, 1493, 5171
List the prime factors of 103132951.
1123, 91837
What are the prime factors of 38909779?
41, 949019
List the prime factors of 2277123278.
2, 1138561639
List the prime factors of 374858318.
2, 79, 2372521
List the prime factors of 545287190.
2, 5, 7, 1112831
What are the prime factors of 1357649661?
3, 47, 9628721
List the prime factors of 234447732.
2, 3, 6512437
What are the prime factors of 64620236?
2, 29, 97, 5743
List the prime factors of 324825075.
3, 5, 53, 27239
List the prime factors of 1950684843.
3, 650228281
What are the prime factors of 159425788?
2, 23, 59, 1277
List the prime factors of 40504995.
3, 5, 151, 1987
What are the prime factors of 8142895?
5, 1628579
What are the prime factors of 3680790869?
7, 443, 169567
List the prime factors of 384251379.
3, 4483, 28571
What are the prime factors of 2824168459?
7, 23, 2505917
What are the prime factors of 122094128?
2, 13, 59, 9949
What are the prime factors of 2284824983?
7, 326403569
List the prime factors of 1457323791.
3, 7, 11, 6308761
List the prime factors of 205986319.
7, 11, 2675147
List the prime factors of 26243190.
2, 3, 5, 179, 181
List the prime factors of 133011775.
5, 13, 409267
What are the prime factors of 3459868998?
2, 3, 47, 557, 22027
List the prime factors of 4766623550.
2, 5, 13, 31, 229, 1033
What are the prime factors of 8692302?
2, 3, 1448717
List the prime factors of 2665829953.
151, 479, 36857
What are the prime factors of 15064664?
2, 929, 2027
List the prime factors of 401342393.
73, 283, 19427
List the prime factors of 169273569.
3, 56424523
List the prime factors of 39169188.
2, 3, 389, 2797
List the prime factors of 528544373.
7, 75506339
List the prime factors of 431451344.
2, 97, 103, 2699
List the prime factors of 380386214.
2, 13, 29, 151, 257
List the prime factors of 1393758807.
3, 7, 23, 229, 12601
What are the prime factors of 6822911441?
21319, 320039
What are the prime factors of 243220885?
5, 31, 857, 1831
What are the prime factors of 507540868?
2, 43, 2950819
List the prime factors of 675658525.
5, 19, 1422439
List the prime factors of 102146246.
2, 293, 174311
What are the prime factors of 390129989?
390129989
List the prime factors of 2916167476.
2, 41, 17781509
What are the prime factors of 142281009?
3, 13, 457, 887
What are the prime factors of 717595548?
2, 3, 73, 819173
List the prime factors of 40032605.
5, 41, 195281
What are the prime factors of 938849434?
2, 469424717
List the prime factors of 978819947.
7, 23, 31, 196117
What are the prime factors of 193297905?
3, 5, 17, 29, 8713
List the prime factors of 1951436056.
2, 243929507
List the prime factors of 2079973930.
2, 5, 12713, 16361
List the prime factors of 100395002.
2, 73, 687637
List the prime factors of 102122459.
102122459
List the prime factors of 386603831.
167, 293, 7901
List the prime factors of 3567473291.
59, 251, 240899
List the prime factors of 127122068.
2, 151, 210467
List the prime factors of 6240520353.
3, 29, 181, 396299
What are the prime factors of 58175750?
2, 5, 97, 2399
List the prime factors of 274515305.
5, 29, 1893209
List the prime factors of 273787139.
273787139
List the prime factors of 440634015.
3, 5, 353, 27739
What are the prime factors of 132258996?
2, 3, 3673861
List the prime factors of 119012976.
2, 3, 131, 701
What are the prime factors of 1766621878?
2, 7, 17, 7422781
What are the prime factors of 54252235?
5, 10850447
List the prime factors of 2911888269.
3, 323543141
What are the prime factors of 24076934?
2, 7, 245683
What are the prime factors of 69817700?
2, 5, 241, 2897
List the prime factors of 45800143.
113, 359, 1129
List the prime factors of 2596067656.
2, 7, 13, 3566027
List the prime factors of 480750950.
2, 5, 9615019
List the prime factors of 28788238.
2, 173, 83203
List the 